*z + 329. Calculate q(-101).
-75
Let y(d) = -d**3 + 23*d**2 + 91*d - 1031. Calculate y(25).
-6
Let z(u) = u**3 + 104*u**2 + 935*u - 483. What is z(-94)?
-13
Let a(w) = 9*w**3 - 116*w**2 + 101*w - 51. Determine a(12).
9
Let l(n) = -10*n**2 + 8*n - 13. Determine l(2).
-37
Let j(i) = i**3 + 17*i**2 + 15*i - 9. What is j(-16)?
7
Let y(t) = -t**3 + 9*t**2 + 23*t - 123. What is y(10)?
7
Let m(d) = -d**3 + 32*d + 15. Calculate m(-6).
39
Let u(p) = 7*p**3 - 5*p**2 - 28*p - 21. Calculate u(5).
589
Let b(p) = -13*p**2 - 48*p + 9. Determine b(-4).
-7
Let p(m) = -m**2 - 47*m - 502. Determine p(-29).
20
Let v(m) = -m**3 + 54*m**2 - 56*m + 84. Determine v(53).
-75
Let q(g) = -2*g**2 - 18*g - 10. Give q(-8).
6
Let o(v) = v**3 - v - 71. Give o(0).
-71
Let k(s) = s**3 - 43*s**2 - 45*s - 70. What is k(44)?
-114
Let a(g) = -g**3 + 35*g**2 - 35*g - 156. What is a(34)?
-190
Let i(d) = -d**2 + 23*d - 98. Give i(6).
4
Let w(s) = -s**2 + 31*s + 58. Determine w(25).
208
Let f(k) = k**2 - 210*k - 1990. Calculate f(-9).
-19
Let k(c) = 2*c**2 + 29*c - 845. Give k(-29).
-4
Let m(a) = -2*a**2 - 41*a + 125. What is m(-23)?
10
Let l(x) = 2*x**2 + 106*x + 1371. Give l(-24).
-21
Let t(g) = -g**2 - 16*g + 14. Determine t(1).
-3
Let i(d) = -d**2 - 106*d + 409. What is i(4)?
-31
Let f(x) = -2*x - 103. What is f(-37)?
-29
Let v(o) = -6*o**3 + 10*o**2 + 23*o - 4. Determine v(-2).
38
Let u(z) = z**3 - 8*z**2 + 9*z - 13. Determine u(7).
1
Let d(a) = -a**3 + 165*a**2 - 3016*a - 1155. Calculate d(144).
-3
Let l(o) = o**3 - 59*o**2 + 125*o + 142. Calculate l(57).
769
Let g(w) = -w**2 + 28*w + 5. Give g(6).
137
Let n(t) = 6*t**2 - 413*t + 94. Calculate n(68).
-246
Let t(j) = 9*j**2 + 1816*j - 400. What is t(-202)?
4
Let a(g) = 2818*g - 14091. Determine a(5).
-1
Let z(p) = p**2 - 135*p - 3531. What is z(-23)?
103
Let d(s) = -s**3 - 5*s**2 - 249*s - 1534. Calculate d(-6).
-4
Let f(u) = u**3 + 41*u**2 + 40*u + 48. Calculate f(-40).
48
Let d(m) = 272*m**2 - 28559*m - 108. Give d(105).
-3
Let p(x) = -1654*x + 46319. What is p(28)?
7
Let p(t) = -5*t**3 - 25*t**2 - 86*t - 3. Calculate p(-3).
165
Let t(o) = -30*o + 204. Determine t(5).
54
Let u(b) = -6518*b - 13045. Determine u(-2).
-9
Let f(m) = m**2 + 55*m + 102. Determine f(-2).
-4
Let v(q) = -152*q + 2447. What is v(16)?
15
Let f(w) = -194*w + 6995. What is f(36)?
11
Let p(k) = -k**2 + 47*k + 2756. Give p(81).
2
Let r(l) = 7*l**2 + 261*l - 201. Calculate r(-38).
-11
Let z(h) = 10*h**3 - 230*h**2 + 37*h - 850. Give z(23).
1
Let d(o) = o**3 - 48*o**2 - 106*o + 313. Determine d(50).
13
Let f(d) = 10*d**3 - 103*d**2 + 100*d + 1. What is f(1)?
8
Let v(d) = 2*d**2 - 1164*d + 67215. What is v(65)?
5
Let q(r) = -226*r - 220. Determine q(-1).
6
Let m(p) = -p**3 - 11*p**2 + 89*p + 149. What is m(-16)?
5
Let m(b) = 155*b + 476. Calculate m(-3).
11
Let y(t) = 8*t - 442. Determine y(57).
14
Let f(g) = -g**2 + 42*g - 261. Determine f(8).
11
Let n(f) = 1443*f + 5793. Calculate n(-4).
21
Let x(o) = 998*o + 3973. What is x(-4)?
-19
Let n(g) = 12*g + 399. Calculate n(-32).
15
Let v(b) = -b**3 + 9*b**2 + 24*b - 32. Determine v(-3).
4
Let u(g) = 2*g**3 - 28*g**2 - 4*g + 57. Give u(14).
1
Let p(n) = 36*n + 58. Calculate p(-1).
22
Let w(i) = i**2 + 42*i - 706. What is w(13)?
9
Let o(x) = 62*x**2 + 4*x - 1. Calculate o(-2).
239
Let p(h) = -3*h**3 + 4*h**2 + 6. Determine p(3).
-39
Let d(y) = 325*y + 2300. What is d(-7)?
25
Let b(a) = -a**3 + 32*a**2 + 269*a + 149. Give b(39).
-7
Let z(l) = -5*l**2 + 112*l - 642. Determine z(14).
-54
Let h(j) = 28*j**2 - 477*j - 25. What is h(17)?
-42
Let i(h) = -3*h**2 + 12*h + 190. Calculate i(-11).
-305
Let j(s) = s**2 - 161*s + 3397. What is j(136)?
-3
Let g(s) = 5*s**2 - 2*s - 58. Determine g(4).
14
Let b(h) = 111*h - 86. Calculate b(2).
136
Let m(b) = 32*b**2 + b - 6. Calculate m(-1).
25
Let c(t) = -2*t**2 - 181*t - 3198. What is c(-64)?
194
Let d(k) = 6096*k + 12161. What is d(-2)?
-31
Let j(f) = f**3 - 51*f**2 + 465*f + 59. Determine j(39).
-58
Let j(d) = d**3 + 7*d**2 - 18*d - 13. Calculate j(-6).
131
Let v(q) = -29*q + 329. Give v(18).
-193
Let q(k) = -1729*k - 36315. Determine q(-21).
-6
Let w(c) = -113*c + 7667. What is w(68)?
-17
Let n(a) = 190*a - 13. Determine n(0).
-13
Let z(i) = -102*i + 4527. Determine z(43).
141
Let g(d) = 2*d**3 - 2*d**2 - 10*d + 6. Determine g(-3).
-36
Let r(y) = -y**2 + 6*y + 830. Determine r(-26).
-2
Let r(w) = -6*w**2 - 475*w - 474. What is r(-1)?
-5
Let t(y) = -y**3 + 68*y**2 - 57*y - 677. What is t(67)?
-7
Let w(y) = 31*y**3 + 132*y**2 + 2*y. Determine w(-4).
120
Let a(h) = 2*h**2 - 16*h - 64. Calculate a(10).
-24
Let d(l) = -6*l + 128. What is d(20)?
8
Let n(y) = -2*y**3 - 41*y**2 + 24*y + 23. Determine n(-21).
-40
Let z(b) = -b**2 - 6*b + 8286. What is z(-94)?
14
Let f(w) = 3692*w - 3702. Calculate f(1).
-10
Let x(r) = 10*r + 22. Calculate x(14).
162
Let v(n) = 3*n**2 - 27*n + 2. Give v(10).
32
Let f(u) = 4*u**2 - 484*u + 479. What is f(120)?
-1
Let g(o) = -o**3 - 17*o**2 - 37*o + 15. What is g(-11)?
-304
Let k(o) = -5*o**3 + 3*o**2 + 2*o - 10. What is k(-3)?
146
Let n(j) = -17*j + 91. What is n(12)?
-113
Let m(q) = 4*q**2 + 159*q + 611. Calculate m(-36).
71
Let d(a) = 1339*a - 13393. Give d(10).
-3
Let n(m) = 181*m - 217. Calculate n(2).
145
Let t(k) = -147*k**2 + 2218*k - 183. Give t(15).
12
Let l(n) = 1018*n - 19320. Give l(19).
22
Let l(i) = i**3 - 22*i**2 + 68*i + 43. Give l(17).
-246
Let p(j) = -2*j**2 - 174*j - 200. Calculate p(-88).
-376
Let d(k) = -9*k + 94. What is d(16)?
-50
Let w(m) = m**2 - 2*m + 1. Give w(6).
25
Let s(f) = -f**3 + 14*f**2 - 56*f + 65. Determine s(4).
1
Let f(n) = -n**3 + 2*n - 39. Give f(-8).
457
Let l(r) = -239*r - 8350. Calculate l(-35).
15
Let b(s) = s**2 - 32*s - 655. Determine b(-14).
-11
Let q(c) = -12*c - 573. Give q(-15).
-393
Let i(y) = -y**3 + 7*y**2 - 31*y + 126. Determine i(6).
-24
Let q(d) = -d**2 + 48*d - 280. Give q(41).
7
Let k(w) = 14*w**2 + 18*w - 12. What is k(3)?
168
Let g(l) = 3325*l + 3332. Calculate g(-1).
7
Let a(l) = -4*l**3 - 31*l**2 - 8*l - 26. Give a(-7).
-117
Let g(y) = y**3 - 12*y**2 - 34*y + 73. What is g(11)?
-422
Let y(c) = 2*c**3 - 33*c**2 + 116*c - 56. Determine y(4).
8
Let s(c) = 5*c**2 - 72*c - 663. Determine s(-8).
233
Let m(k) = 47*k**3 + 59*k**2 - 2*k - 3. What is m(-2)?
-139
Let p(y) = -63*y - 996. Calculate p(-16).
12
Let h(g) = -g**2 - 57*g - 84. Determine h(-50).
266
Let y(q) = -q**3 - 542*q**2 + 550*q + 3793. What is y(-543)?
-8
Let u(i) = -3*i**2 + 339*i + 2150. Determine u(-6).
8
Let x(a) = -a**2 + 60*a - 910. Calculate x(31).
-11
Let q(f) = -f**3 + 7*f**2 - 7*f - 25. Calculate q(5).
-10
Let c(l) = 3*l + 82. What is c(-9)?
55
Let m(n) = 62*n**2 - 40*n + 39. What is m(1)?
61
Let l(x) = -2*x**3 - 7*x**2 + 5*x + 8. Calculate l(2).
-26
Let m(k) = k**3 - 64*k**2 + 68*k - 385. Determine m(63).
-70
Let t(u) = 2*u**3 + 64*u**2 + 61*u - 14. Calculate t(-31).
17
Let r(w) = -28*w**2 - 434*w + 224. Determine r(-16).
0
Let p(w) = -700*w + 21012. What is p(30)?
12
Let v(g) = g**3 + 110*g**2 + 209*g - 761. Give v(-108).
-5
Let i(n) = 2*n**2 + 63*n + 106. Give i(-30).
16
Let l(g) = g**2 - 65*g - 5210. What is l(112)?
54
Let d(f) = -249*f**2 - 1247*f - 9. Calculate d(-5).
1
Let v(d) = 74*d - 1303. What is v(19)?
103
Let f(l) = -l**3 - 6*l**2 + 22*l + 36. Determine f(-8).
-12
Let f(v) = -4*v**2 + 131*v - 869. Determine f(6).
-227
Let b(k) = -48*k**2 - 1447*k - 170. Give b(-30).
40
Let w(t) = t**3 + 108*t**2 + 217*t + 420. Determine w(-106).
-110
Let u(b) = 3*b**2 - 38*b + 440. Calculate u(20).
880
Let v(d) = 27*d + 8. Determine v(-7).
-181
Let k(d) = 4277*d + 55604. Calculate k(-13).
3
Let b(h) = -7*h**2 - 239*h + 184. What is b(-35)?
-26
Let k(m) = -m**3 - 9*m**2 + 121*m - 187. Determine k(6).
-1
Let f(l) = -33658*l - 168297. Determine f(-5).
-7
Let w(j) = j**3 - 4*j**2 - 6*j + 4. Determine w(5).
-1
Let z(t) = 1115*t + 12266. What is z(-11)?
1
Let v(a) = 22*a - 783. Calculate v(14).
-475
Let l(z) = -3*z**2 + 18*z - 12. Give l(0).
-12
Let t(o) = o**3 - 17*o**2 - 41*o + 297. Give t(18).
-117
Let c(o) = -o**3 + 38*o**2 - 69*o - 76. What is c(36)?
32
Let o(c) = c**2 + 8*c - 43. Give o(-9).
-34
Let v(g) = g + 150. Calculate v(6).
156
Let t(n) = -n**3 + 2*n**2 - 2*n - 10. What is t(3)?
-25
Let z(l) = -162*l**2 - 319*l + 14. Give 